{"id":49,"date":"2017-07-27T23:36:44","date_gmt":"2017-07-27T21:36:44","guid":{"rendered":"http:\/\/qqasolut.com\/swt\/?page_id=49"},"modified":"2017-09-16T00:53:48","modified_gmt":"2017-09-15T22:53:48","slug":"punkte-rechner","status":"publish","type":"page","link":"http:\/\/qqasolut.com\/swt\/punkte-rechner\/","title":{"rendered":"Punkte Rechner"},"content":{"rendered":"<table>\n<tbody>\n<tr>\n<td width=\"280\">\n<!--easy slider-->\n<div style='max-width: 240px; max-height:427px;' class='eps eps-slide eps-136 eps-slider'>\n    <style type='text\/css' scoped>                    .eps-custom-136{\n                    background: url() false repeat 0% 0%;\n                    border-top: 8px solid #efc34a\n                    border-bottom: 8px solid #efc34a;\n                    height:427px;\n                    box-shadow:none\n                    }\n                  .eps-custom-136 .da-dots{\n                    display:none;\n                    }\n                    .eps-custom-136 .da-slide  h2{\n                       font-size:22px;\n                       font-family:Arial, Helvetica;\n                       color:false;\n                       \n                    }\n                    .eps-custom-136 .da-slide p{\n                     font-size:14px;\n                       font-family:Times New Roman;\n                       color:false;\n                       \n                       line-height:0px;\n                    }\n                    .eps-custom-136 .da-slide .da-link{\n                       font-size:16px;\n                       font-family:Arial Black, Gadget;\n                       color:false;\n                       border-color:false;\n                       background-color:false;\n                       \n                    }\n                    .eps-custom-136 .da-link:hover{\n                    background-color:fb333e;\n                    }\n                    .da-slide-current{\n\tz-index: 1000 !important;\n}\n\n    <\/style>\n    <div id='da-slider-eps_136' class='da-slider eps-custom-136'>\n        \n <div class='da-slide'> <div  id='da-slide-heading-137' class='da-slide-heading-content'><\/div><div id='da-img-137' class='da-img' style=' background: url(http:\/\/qqasolut.com\/swt\/wp-content\/uploads\/2017\/07\/swt_PunkteRechner_slide01-240x427.png);' title=''  data-in_effect='1' data-out_effect='1'>&nbsp;<\/div><\/div><style type='text\/css'>\n     .eps-custom-136 #da-img-137{\n         height:px; \n         width:px; \n         left:%; \n         top:%; \n        }\n        .eps-custom-136 #da-slide-heading-137 h2{\n        font-size:px;\n        font-family:Georgia, serif;\n        \n        \n        }\n         .eps-custom-136 #da-slide-heading-137 div.da-slide-content{\n          margin-top:0px; \n        \n        font-family:Georgia, serif;\n        \n        \n        \n        }\n         .eps-custom-136 #da-link-137{\n        \n        font-family:Georgia, serif;\n        \n        \n        \n        \n        }\n                    .eps-custom-136 .da-slide-fromright #da-slide-heading-137 h2 {\n                        -webkit-animation: fromRightAnim1 0.6s ease-in 0.8s both;\n                        -moz-animation: fromRightAnim1 0.6s ease-in 0.8s both;\n                        -o-animation: fromRightAnim1 0.6s ease-in 0.8s both;\n                        -ms-animation: fromRightAnim1 0.6s ease-in 0.8s both;\n                        animation: fromRightAnim1 0.6s ease-in 0.8s both;\n                    }                    .eps-custom-136 .da-slide-fromleft #da-slide-heading-137 h2 {\n                        -webkit-animation: fromLeftAnim1 0.6s ease-in 0.6s both;\n                        -moz-animation: fromLeftAnim1 0.6s ease-in 0.6s both;\n                        -o-animation: fromLeftAnim1 0.6s ease-in 0.6s both;\n                        -ms-animation: fromLeftAnim1 0.6s ease-in 0.6s both;\n                        animation: fromLeftAnim1 0.6s ease-in 0.6s both;\n                    }                    .eps-custom-136 .da-slide-toright #da-slide-heading-137 h2 {\n                        -webkit-animation: toRightAnim1 0.6s ease-in 0.6s both;\n                        -moz-animation: toRightAnim1 0.6s ease-in 0.6s both;\n                        -o-animation: toRightAnim1 0.6s ease-in 0.6s both;\n                        -ms-animation: toRightAnim1 0.6s ease-in 0.6s both;\n                        animation: toRightAnim1 0.6s ease-in 0.6s both;\n                    }                    .eps-custom-136 .da-slide-toleft #da-slide-heading-137 h2 {\n                        -webkit-animation: toLeftAnim1 0.6s ease-in both;\n                        -moz-animation: toLeftAnim1 0.6s ease-in both;\n                        -o-animation: toLeftAnim1 0.6s ease-in both;\n                        -ms-animation: toLeftAnim1 0.6s ease-in both;\n                        animation: toLeftAnim1 0.6s ease-in both;\n                    }                    .eps-custom-136 .da-slide-fromright #da-slide-heading-137 .da-slide-content {\n                        -webkit-animation: fromRightAnim2 0.6s ease-in 0.8s both;\n                        -moz-animation: fromRightAnim2 0.6s ease-in 0.8s both;\n                        -o-animation: fromRightAnim2 0.6s ease-in 0.8s both;\n                        -ms-animation: fromRightAnim2 0.6s ease-in 0.8s both;\n                        animation: fromRightAnim2 0.6s ease-in 0.8s both;\n                    }                    .eps-custom-136 .da-slide-fromleft #da-slide-heading-137 .da-slide-content {\n                        -webkit-animation: fromLeftAnim2 0.6s ease-in 0.6s both;\n                        -moz-animation: fromLeftAnim2 0.6s ease-in 0.6s both;\n                        -o-animation: fromLeftAnim2 0.6s ease-in 0.6s both;\n                        -ms-animation: fromLeftAnim2 0.6s ease-in 0.6s both;\n                        animation: fromLeftAnim2 0.6s ease-in 0.6s both;\n                    }                    .eps-custom-136 .da-slide-toright #da-slide-heading-137 .da-slide-content {\n                        -webkit-animation: toRightAnim2 0.6s ease-in 0.3s both;\n                        -moz-animation: toRightAnim2 0.6s ease-in 0.3s both;\n                        -o-animation: toRightAnim2 0.6s ease-in 0.3s both;\n                        -ms-animation: toRightAnim2 0.6s ease-in 0.3s both;\n                        animation: toRightAnim2 0.6s ease-in 0.3s both;\n                    }                    .eps-custom-136 .da-slide-toleft #da-slide-heading-137 .da-slide-content {\n                        -webkit-animation: toLeftAnim2 0.6s ease-in 0.3s both;\n                        -moz-animation: toLeftAnim2 0.6s ease-in 0.3s both;\n                        -o-animation: toLeftAnim2 0.6s ease-in 0.3s both;\n                        -ms-animation: toLeftAnim2 0.6s ease-in 0.3s both;\n                        animation: toLeftAnim2 0.6s ease-in 0.3s both;\n                    }                    .eps-custom-136 .da-slide-fromright #da-link-137 {\n                        -webkit-animation: fromRightAnim3 0.4s ease-in 1.2s both;\n                        -moz-animation: fromRightAnim3 0.4s ease-in 1.2s both;\n                        -o-animation: fromRightAnim3 0.4s ease-in 1.2s both;\n                        -ms-animation: fromRightAnim3 0.4s ease-in 1.2s both;\n                        animation: fromRightAnim3 0.4s ease-in 1.2s both;\n                    }                    .eps-custom-136 .da-slide-fromleft #da-link-137 {\n                        -webkit-animation: fromLeftAnim3 0.4s ease-in 1.2s both;\n                        -moz-animation: fromLeftAnim3 0.4s ease-in 1.2s both;\n                        -o-animation: fromLeftAnim3 0.4s ease-in 1.2s both;\n                        -ms-animation: fromLeftAnim3 0.4s ease-in 1.2s both;\n                        animation: fromLeftAnim3 0.4s ease-in 1.2s both;\n                    }                    .eps-custom-136 .da-slide-toright #da-link-137 {\n                        -webkit-animation: toRightAnim3 0.4s ease-in both;\n                        -moz-animation: toRightAnim3 0.4s ease-in both;\n                        -o-animation: toRightAnim3 0.4s ease-in both;\n                        -ms-animation: toRightAnim3 0.4s ease-in both;\n                        animation: toRightAnim3 0.4s ease-in both;\n                    }                    .eps-custom-136 .da-slide-toleft #da-link-137 {\n                        -webkit-animation: toLeftAnim3 0.4s ease-in both;\n                        -moz-animation: toLeftAnim3 0.4s ease-in both;\n                        -o-animation: toLeftAnim3 0.4s ease-in both;\n                        -ms-animation: toLeftAnim3 0.4s ease-in both;\n                        animation: toLeftAnim3 0.4s ease-in both;\n                    }                    .eps-custom-136 .da-slide-fromright #da-img-137 {\n                        -webkit-animation: fromRightAnim136137 0.6s ease-in 0.8s both;\n                        -moz-animation: fromRightAnim136137 0.6s ease-in 0.8s both;\n                        -o-animation: fromRightAnim136137 0.6s ease-in 0.8s both;\n                        -ms-animation: fromRightAnim136137 0.6s ease-in 0.8s both;\n                        animation: fromRightAnim136137 0.6s ease-in 0.8s both;\n                    }                    .eps-custom-136 .da-slide-fromleft #da-img-137 {\n                        -webkit-animation: fromLeftAnim136137 0.6s ease-in 0.6s both;\n                        -moz-animation: fromLeftAnim136137 0.6s ease-in 0.6s both;\n                        -o-animation: fromLeftAnim136137 0.6s ease-in 0.6s both;\n                        -ms-animation: fromLeftAnim136137 0.6s ease-in 0.6s both;\n                        animation: fromLeftAnim136137 0.6s ease-in 0.6s both;\n                    }                    .eps-custom-136 .da-slide-toright #da-img-137 {\n                        -webkit-animation: toRightAnim136137 0.6s ease-in both;\n                        -moz-animation: toRightAnim136137 0.6s ease-in both;\n                        -o-animation: toRightAnim136137 0.6s ease-in both;\n                        -ms-animation: toRightAnim136137 0.6s ease-in both;\n                        animation: toRightAnim136137 0.6s ease-in both;\n                    }                    .eps-custom-136 .da-slide-toleft #da-img-137 {\n                        -webkit-animation: toLeftAnim136137 0.6s ease-in 0.6s both;\n                        -moz-animation: toLeftAnim136137 0.6s ease-in 0.6s both;\n                        -o-animation: toLeftAnim136137 0.6s ease-in 0.6s both;\n                        -ms-animation: toLeftAnim136137 0.6s ease-in 0.6s both;\n                        animation: toLeftAnim136137 0.6s ease-in 0.6s both;\n                    }\n            @-webkit-keyframes fromRightAnim136137{\n                0%{ left: 110%; opacity: 0; }\n                100%{ left: %; opacity: 1; }\n            }\n            @-moz-keyframes fromRightAnim136137{\n                0%{ left: 110%; opacity: 0; }\n                100%{ left: %; opacity: 1; }\n            }\n            @-o-keyframes fromRightAnim136137{\n                0%{ left: 110%; opacity: 0; }\n                100%{ left: %; opacity: 1; }\n            }\n            @-ms-keyframes fromRightAnim136137{\n                0%{ left: 110%; opacity: 0; }\n                100%{ left: %; opacity: 1; }\n            }\n            @keyframes fromRightAnim136137{\n                0%{ left: 110%; opacity: 0; }\n                100%{ left: %; opacity: 1; }\n            }\n            @-webkit-keyframes fromLeftAnim136137{\n                0%{ left: -110%; opacity: 0; }\n                100%{ left: %; opacity: 1; }\n            }\n            @-moz-keyframes fromLeftAnim136137{\n                0%{ left: -110%; opacity: 0; }\n                100%{ left: %; opacity: 1; }\n            }\n            @-o-keyframes fromLeftAnim136137{\n                0%{ left: -110%; opacity: 0; }\n                100%{ left: %; opacity: 1; }\n            }\n            @-ms-keyframes fromLeftAnim136137{\n                0%{ left: -110%; opacity: 0; }\n                100%{ left: %; opacity: 1; }\n            }\n            @keyframes fromLeftAnim136137{\n                0%{ left: -110%; opacity: 0; }\n                100%{ left: %; opacity: 1; }\n            }\n                @-webkit-keyframes toRightAnim136137{\n\t\t\t\t\t0%{ left: %;  opacity: 1; }\n\t\t\t\t\t30%{ left: -5%;  opacity: 1; }\n\t\t\t\t\t100%{ left: 100%; opacity: 0; }\n\t\t\t\t}\n\t\t\t\t@-moz-keyframes toRightAnim136137{\n\t\t\t\t\t0%{ left: %;  opacity: 1; }\n\t\t\t\t\t30%{ left: -5%;  opacity: 1; }\n\t\t\t\t\t100%{ left: 100%; opacity: 0; }\n\t\t\t\t}\n\t\t\t\t@-o-keyframes toRightAnim136137{\n\t\t\t\t\t0%{ left: %;  opacity: 1; }\n\t\t\t\t\t30%{ left: -5%;  opacity: 1; }\n\t\t\t\t\t100%{ left: 100%; opacity: 0; }\n\t\t\t\t}\n\t\t\t\t@-ms-keyframes toRightAnim136137{\n\t\t\t\t\t0%{ left: %;  opacity: 1; }\n\t\t\t\t\t30%{ left: -5%;  opacity: 1; }\n\t\t\t\t\t100%{ left: 100%; opacity: 0; }\n\t\t\t\t}\n\t\t\t\t@keyframes toRightAnim136137{\n\t\t\t\t\t0%{ left: %;  opacity: 1; }\n\t\t\t\t\t30%{ left: -5%;  opacity: 1; }\n\t\t\t\t\t100%{ left: 100%; opacity: 0; }\n\t\t\t\t}\n\t\t\t\t@-webkit-keyframes toLeftAnim136137{\n\t\t\t\t\t0%{ left: %;  opacity: 1; }\n\t\t\t\t\t40%{ left: 10%;  opacity: 1; }\n\t\t\t\t\t90%{ left: 0%;  opacity: 0; }\n\t\t\t\t\t100%{ left: -50%; opacity: 0; }\n\t\t\t\t}\n\t\t\t\t@-moz-keyframes toLeftAnim136137{\n\t\t\t\t\t0%{ left: %;  opacity: 1; }\n\t\t\t\t\t40%{ left: 10%;  opacity: 1; }\n\t\t\t\t\t90%{ left: 0%;  opacity: 0; }\n\t\t\t\t\t100%{ left: -50%; opacity: 0; }\n\t\t\t\t}\n\t\t\t\t@-o-keyframes toLeftAnim136137{\n\t\t\t\t\t0%{ left: %;  opacity: 1; }\n\t\t\t\t\t40%{ left: 10%;  opacity: 1; }\n\t\t\t\t\t90%{ left: 0%;  opacity: 0; }\n\t\t\t\t\t100%{ left: -50%; opacity: 0; }\n\t\t\t\t}\n\t\t\t\t@-ms-keyframes toLeftAnim136137{\n\t\t\t\t\t0%{ left: %;  opacity: 1; }\n\t\t\t\t\t40%{ left: 10%;  opacity: 1; }\n\t\t\t\t\t90%{ left: 0%;  opacity: 0; }\n\t\t\t\t\t100%{ left: -50%; opacity: 0; }\n\t\t\t\t}\n\t\t\t\t@keyframes toLeftAnim136137{\n\t\t\t\t\t0%{ left: %;  opacity: 1; }\n\t\t\t\t\t40%{ left: 10%;  opacity: 1; }\n\t\t\t\t\t90%{ left: 0%;  opacity: 0; }\n\t\t\t\t\t100%{ left: -50%; opacity: 0; }\n\t\t\t\t}\t\t\t\t#da-slider-eps_136 .da-dots span {\n\t\t\t\t    background: none repeat scroll 0 0 false;\n\t\t\t\t}\n\n\t\t\t\t#da-slider-eps_136 .da-arrows span {\n\t\t\t\t    background: none repeat scroll 0 0 false;\n\t\t\t\t}\n\n    <\/style>\n\n  <\/div>\n    <script type='text\/javascript'>\n        var da_slider_eps_136 = function($) {\n            jQuery('#da-slider-eps_136').cslider({ autoplay:true,interval:5000\n            });\n        };\n        var timer_eps_136 = function() {\n            var slider = !window.jQuery ? window.setTimeout(timer_eps_136, 100) : !jQuery.isReady ? window.setTimeout(timer_eps_136, 100) : da_slider_eps_136(window.jQuery);\n        };\n        timer_eps_136();\n    <\/script>\n<\/div>\n<!--\/\/easy slider--><\/td>\n<td>\n<ul>\n<li>Der Punkte Rechner kann das, was der WW Punkte Rechner in der Smart Variante auch kann.<\/li>\n<li>Er berechnet aus Kalorien, ges\u00e4ttigten Fetts\u00e4uren, Zucker und Eiwei\u00df den Punkte Wert.<\/li>\n<li>Dieser Wert kann f\u00fcr Eingaben ins Tagebuch oder in die Lebensmittelliste \u00fcbernommen auf Klick werden.<\/li>\n<\/ul>\n<\/td>\n<\/tr>\n<\/tbody>\n<\/table>\n","protected":false},"excerpt":{"rendered":"<p>Der Punkte Rechner kann das, was der WW Punkte Rechner in der Smart Variante auch kann. Er berechnet aus Kalorien, ges\u00e4ttigten Fetts\u00e4uren, Zucker und Eiwei\u00df den Punkte Wert. Dieser Wert kann f\u00fcr Eingaben ins Tagebuch oder in die Lebensmittelliste \u00fcbernommen auf Klick werden.<\/p>\n","protected":false},"author":1,"featured_media":0,"parent":0,"menu_order":0,"comment_status":"closed","ping_status":"closed","template":"","meta":{"_de_post_content":"<table>\r\n<tbody>\r\n<tr>\r\n<td width=\"280\">[epsshortcode id=136]<\/td>\r\n<td>\r\n<ul>\r\n\t<li>Der Punkte Rechner kann das, was der WW Punkte Rechner in der Smart Variante auch kann.<\/li>\r\n\r\n\t<li>Er berechnet aus Kalorien, ges\u00e4ttigten Fetts\u00e4uren, Zucker und Eiwei\u00df den Punkte Wert.<\/li>\r\n\r\n\t<li>Dieser Wert kann f\u00fcr Eingaben ins Tagebuch oder in die Lebensmittelliste \u00fcbernommen auf Klick werden.<\/li>\r\n<\/ul>\r\n<\/td>\r\n<\/tr>\r\n<\/tbody>\r\n<\/table>","_de_post_name":"punkte-rechner","_de_post_excerpt":"","_de_post_title":"Punkte Rechner","_en_post_content":"<table>\r\n<tbody>\r\n<tr>\r\n<td width=\"280\">[epsshortcode id=198]<\/td>\r\n<td>\r\n<ul>\r\n \t<li>The points calculator is able to calculate similar to the WW calculator as the smart type.<\/li>\r\n \t<li>It calculates the SP value from calories, saturated fat, sugar and protein.<\/li>\r\n \t<li>This value can be applied to entries in the diary or to the food list on click.<\/li>\r\n<\/ul>\r\n<\/td>\r\n<\/tr>\r\n<\/tbody>\r\n<\/table>","_en_post_name":"points-calculator","_en_post_excerpt":"","_en_post_title":"Points Calculator","_fr_post_content":"<table>\r\n<tbody>\r\n<tr>\r\n<td width=\"280\">[epsshortcode id=215]<\/td>\r\n<td>\r\n<ul>\r\n \t<li>Le calculateur de points peut faire ce que le calculateur de points WW peut faire dans la variante Smart.<\/li>\r\n \t<li>Il calcule le score de calories, de graisses satur\u00e9es, de sucre et de prot\u00e9ines.<\/li>\r\n \t<li>Cette valeur peut \u00eatre appliqu\u00e9e au journal ou \u00e0 la liste des aliments en cliquant.<\/li>\r\n<\/ul>\r\n<\/td>\r\n<\/tr>\r\n<\/tbody>\r\n<\/table>","_fr_post_name":"calculateur-de-points","_fr_post_excerpt":"","_fr_post_title":"calculateur de points","edit_language":"de"},"_links":{"self":[{"href":"http:\/\/qqasolut.com\/swt\/wp-json\/wp\/v2\/pages\/49"}],"collection":[{"href":"http:\/\/qqasolut.com\/swt\/wp-json\/wp\/v2\/pages"}],"about":[{"href":"http:\/\/qqasolut.com\/swt\/wp-json\/wp\/v2\/types\/page"}],"author":[{"embeddable":true,"href":"http:\/\/qqasolut.com\/swt\/wp-json\/wp\/v2\/users\/1"}],"replies":[{"embeddable":true,"href":"http:\/\/qqasolut.com\/swt\/wp-json\/wp\/v2\/comments?post=49"}],"version-history":[{"count":3,"href":"http:\/\/qqasolut.com\/swt\/wp-json\/wp\/v2\/pages\/49\/revisions"}],"predecessor-version":[{"id":138,"href":"http:\/\/qqasolut.com\/swt\/wp-json\/wp\/v2\/pages\/49\/revisions\/138"}],"wp:attachment":[{"href":"http:\/\/qqasolut.com\/swt\/wp-json\/wp\/v2\/media?parent=49"}],"curies":[{"name":"wp","href":"https:\/\/api.w.org\/{rel}","templated":true}]}}